e highest common divisor of 243 and 108?
27
Calculate the greatest common factor of 80 and 4880.
80
Calculate the highest common factor of 42 and 12.
6
What is the highest common divisor of 2412 and 36?
36
Calculate the greatest common factor of 26 and 1690.
26
Calculate the greatest common factor of 32 and 104.
8
What is the highest common factor of 115 and 23?
23
Calculate the greatest common divisor of 10000 and 300.
100
Calculate the highest common divisor of 224 and 168.
56
Calculate the highest common divisor of 264 and 72.
24
What is the greatest common divisor of 530 and 20?
10
What is the greatest common divisor of 69 and 18837?
69
Calculate the greatest common factor of 4 and 316.
4
What is the highest common divisor of 169 and 57967?
169
What is the greatest common divisor of 27 and 6?
3
What is the highest common divisor of 1 and 9?
1
What is the highest common factor of 246 and 4838?
82
What is the greatest common factor of 27 and 2?
1
What is the greatest common factor of 591 and 39?
3
What is the greatest common divisor of 7072 and 240?
16
Calculate the highest common factor of 15 and 10365.
15
What is the highest common factor of 87 and 9483?
87
What is the highest common factor of 7124 and 104?
52
Calculate the greatest common factor of 2979 and 45.
9
Calculate the greatest common divisor of 340 and 106420.
340
Calculate the highest common factor of 60 and 384.
12
What is the highest common factor of 16070 and 10?
10
What is the greatest common factor of 793 and 13?
13
Calculate the greatest common divisor of 22 and 1980.
22
What is the greatest common divisor of 28 and 203?
7
Calculate the highest common factor of 333 and 36.
9
What is the greatest common factor of 3 and 363?
3
Calculate the greatest common divisor of 27 and 2619.
27
What is the highest common factor of 3782 and 62?
62
Calculate the greatest common factor of 110 and 715.
55
What is the highest common divisor of 50 and 175?
25
What is the greatest common factor of 11684 and 92?
92
Calculate the highest common factor of 81 and 99.
9
What is the highest common factor of 19389 and 69?
69
Calculate the greatest common factor of 36 and 4416.
12
Calculate the highest common divisor of 2080 and 715.
65
What is the highest common factor of 12 and 54?
6
What is the greatest common factor of 32 and 1?
1
What is the greatest common divisor of 4452 and 84?
84
What is the highest common divisor of 14329 and 161?
161
Calculate the greatest common factor of 116 and 3364.
116
Calculate the greatest common factor of 162 and 32.
2
Calculate the highest common divisor of 774 and 13029.
129
Calculate the greatest common divisor of 645 and 30.
15
What is the highest common factor of 1323 and 245?
49
What is the greatest common factor of 579 and 3?
3
What is the highest common factor of 304 and 64?
16
Calculate the highest common divisor of 6422 and 4056.
338
Calculate the greatest common factor of 3339 and 63.
63
Calculate the highest common divisor of 14 and 574.
14
What is the greatest common divisor of 180 and 240?
60
What is the greatest common divisor of 710 and 760?
10
Calculate the highest common factor of 296 and 88.
8
Calculate the highest common factor of 4 and 63.
1
Calculate the greatest common divisor of 24 and 21.
3
Calculate the greatest common divisor of 546 and 168.
42
Calculate the greatest common divisor of 220 and 30250.
110
What is the highest common divisor of 25 and 275?
25
Calculate the greatest common factor of 152 and 24.
8
Calculate the highest common factor of 1116 and 36.
36
What is the greatest common factor of 44 and 330?
22
Calculate the highest common divisor of 85 and 5440.
85
What is the highest common divisor of 12 and 96?
12
What is the highest common divisor of 60 and 90?
30
What is the highest common divisor of 30330 and 30?
30
Calculate the highest common factor of 25 and 5.
5
What is the highest common divisor of 125 and 310?
5
What is the greatest common divisor of 153 and 204?
51
Calculate the greatest common factor of 1130 and 10.
10
Calculate the greatest common divisor of 110 and 99.
11
Calculate the highest common factor of 143 and 39.
13
What is the highest common factor of 17 and 68?
17
Calculate the highest common divisor of 8 and 3516.
4
Calculate the greatest common factor of 8 and 2304.
8
What is the highest common divisor of 27 and 6?
3
Calculate the highest common factor of 39 and 1599.
39
Calculate the highest common factor of 304 and 96.
16
What is the highest common divisor of 31 and 217?
31
Calculate the greatest common factor of 357 and 51.
51
Calculate the greatest common divisor of 253 and 220.
11
Calculate the greatest common factor of 138 and 230.
46
Calculate the greatest common factor of 170 and 816.
34
Calculate the greatest common divisor of 20 and 540.
20
What is the highest common factor of 240 and 90?
30
What is the greatest common factor of 72 and 21?
3
Calculate the greatest common factor of 344 and 258.
86
What is the highest common divisor of 36 and 3188?
4
What is the greatest common factor of 426 and 284?
142
Calculate the greatest common factor of 8 and 424.
8
What is the greatest common factor of 18 and 1626?
6
Calculate the greatest common divisor of 5 and 696.
1
What is the highest common divisor of 35 and 1750?
35
What is the highest common factor of 78 and 195?
39
Calculate the highest common divisor of 43 and 2881.
43
Calculate the highest common divisor of 18 and 24.
6
What is the greatest common factor of 3002 and 19?
19
What is the highest common divisor of 170 and 10?
10
What is the highest common factor of 5056 and 79?
79
What is the highest common divisor of 57 and 5491?
19
Calculate the greatest common factor of 105936 and 48.
48
What is the highest common divisor of 4 and 236?
4
What is the greatest common divisor of 5 and 1405?
5
What is the highest common divisor of 138 and 9?
3
What is the greatest common divisor of 385 and 231?
77
What is the highest common factor of 248 and 620?
124
What is the highest common factor of 123 and 164?
41
What is the highest common factor of 799 and 17?
17
Calculate the highest common factor of 2992 and 935.
187
What is the greatest common divisor of 48 and 24?
24
What is the greatest common factor of 9353 and 2189?
199
What is the greatest common divisor of 255 and 15?
15
Calculate the greatest common factor of 960 and 30.
30
What is the highest common divisor of 93 and 620?
31
Calculate the highest common factor of 95 and 5.
5
Calculate the greatest common divisor of 1651 and 13.
13
What is the highest common factor of 551 and 319?
29
What is the greatest common factor of 84 and 3612?
84
What is the greatest common divisor of 357 and 1666?
119
Calculate the greatest common factor of 4564 and 140.
28
What is the greatest common divisor of 166 and 42496?
166
What is the highest common factor of 13 and 832?
13
What is the highest common factor of 22 and 297?
11
What is the greatest common factor of 4872 and 112?
56
What is the greatest common factor of 17 and 1411?
17
Calculate the highest common divisor of 323 and 17.
17
What is the greatest common factor of 60 and 320?
20
Calculate the greatest common factor of 109 and 1199.
109
Calculate the greatest common divisor of 22 and 3223.
11
Calculate the greatest common factor of 8396 and 8.
4
Calculate the greatest common divisor of 8881 and 963.
107
What is the greatest common factor of 216 and 6?
6
Calculate the greatest common divisor of 164 and 369.
41
What is the greatest common divisor of 418 and 506?
22
Calculate the greatest common divisor of 522 and 234.
18
What is the greatest common factor of 10024 and 98?
14
Calculate the greatest common factor of 141 and 8460.
141
What is the greatest common divisor of 24 and 237?
3
What is the highest common factor of 10281 and 69?
69
What is the greatest common divisor of 154 and 23254?
154
Calculate the highest common factor of 1890 and 840.
210
Calculate the greatest common factor of 156 and 39.
39
What is the highest common factor of 11 and 5775?
11
What is the highest common factor of 425 and 9225?
25
What is the highest common divisor of 108 and 168?
12
Calculate the highest common divisor of 68 and 17.
17
What is the highest common divisor of 38 and 1